{"id":9,"date":"2008-11-18T16:12:21","date_gmt":"2008-11-18T15:12:21","guid":{"rendered":"https:\/\/spineclinic.se\/?page_id=3"},"modified":"2025-03-31T16:26:14","modified_gmt":"2025-03-31T15:26:14","slug":"startsidan","status":"publish","type":"page","link":"https:\/\/spineclinic.se\/","title":{"rendered":"Startsidan"},"content":{"rendered":"<p><a href=\"https:\/\/spineclinic.se\/wp-content\/uploads\/2008\/12\/davinci-man.jpg\"><img loading=\"lazy\" decoding=\"async\" class=\"size-medium wp-image-52 alignleft\" title=\"davinci-man\" src=\"https:\/\/spineclinic.se\/wp-content\/uploads\/2008\/12\/davinci-man-207x300.jpg\" alt=\"\" width=\"207\" height=\"300\" srcset=\"https:\/\/spineclinic.se\/wp-content\/uploads\/2008\/12\/davinci-man-207x300.jpg 207w, https:\/\/spineclinic.se\/wp-content\/uploads\/2008\/12\/davinci-man.jpg 600w\" sizes=\"auto, (max-width: 207px) 100vw, 207px\" \/><\/a><\/p>\n<p>SPINE CLINIC\u00a0\u00e4r ett\u00a0 utvecklat koncept f\u00f6r att behandla vanliga rygg\u00e5kommor. V\u00e5ra behandlingsresultat \u00e4r i allm\u00e4nhet mycket goda. Detta g\u00e4ller f\u00f6r\u00a0det\u00a0stora\u00a0flertalet \u00a0olika rygg- och nackbesv\u00e4r\u00a0samt\u00a0 olika huvudv\u00e4rkstyper. Kontakta oss f\u00f6r unders\u00f6kning och\u00a0 diagnos enligt\u00a0Spine Clinic\u00a0Sverige. Vi ger f\u00f6rslag p\u00e5 t\u00e4nkbara behandlingsalternativ. Alla \u00e5kommor l\u00e4mpar sig inte f\u00f6r v\u00e5r behandling eller \u00e4r av medicinska sk\u00e4l kontraindicerade,\u00a0men vi kan ge dig v\u00e4gledning och r\u00e5d.\u00a0Spine Clinic finns \u00e4ven i Amsterdam under ledning av Dr. Wouter Schuller.<\/p>\n<p>NYTT! Behandling av KN\u00c4LEDSARTROS. I samarbete med Dr. G\u00f6ran Skog behandlar vi kn\u00e4artros med det nya hyaluronsyrapreparatet Crespine. Se avsnitt artros samt Crespine gel och www.\u00a0artrosbehandling.nu\u00a0\u00a0\u00a0\u00a0 Vi finns registrerade under fliken kontakt. Vi har nu \u00e4ven tillg\u00e5ng till Synolis vilket \u00e4ven det \u00e4r ett nytt hyaluronsyrepreparat vilket \u00e4ven undertecknad anv\u00e4nder.<\/p>\n<p>F\u00f6r mer information se under flikar Ryggbehandling, Om oss m.m.<\/p>\n","protected":false},"excerpt":{"rendered":"<p>SPINE CLINIC\u00a0\u00e4r ett\u00a0 utvecklat koncept f\u00f6r att behandla vanliga rygg\u00e5kommor. V\u00e5ra behandlingsresultat \u00e4r i allm\u00e4nhet mycket goda. Detta g\u00e4ller f\u00f6r\u00a0det\u00a0stora\u00a0flertalet \u00a0olika rygg- och nackbesv\u00e4r\u00a0samt\u00a0 olika huvudv\u00e4rkstyper. Kontakta oss f\u00f6r unders\u00f6kning och\u00a0 diagnos enligt\u00a0Spine Clinic\u00a0Sverige. Vi ger f\u00f6rslag p\u00e5 t\u00e4nkbara behandlingsalternativ. Alla \u00e5kommor l\u00e4mpar sig inte f\u00f6r v\u00e5r behandling eller \u00e4r av medicinska sk\u00e4l kontraindicerade,\u00a0men vi [&hellip;]<\/p>\n","protected":false},"author":2,"featured_media":0,"parent":0,"menu_order":0,"comment_status":"open","ping_status":"closed","template":"","meta":{"footnotes":""},"class_list":["post-9","page","type-page","status-publish","hentry"],"aioseo_notices":[],"_links":{"self":[{"href":"https:\/\/spineclinic.se\/index.php?rest_route=\/wp\/v2\/pages\/9","targetHints":{"allow":["GET"]}}],"collection":[{"href":"https:\/\/spineclinic.se\/index.php?rest_route=\/wp\/v2\/pages"}],"about":[{"href":"https:\/\/spineclinic.se\/index.php?rest_route=\/wp\/v2\/types\/page"}],"author":[{"embeddable":true,"href":"https:\/\/spineclinic.se\/index.php?rest_route=\/wp\/v2\/users\/2"}],"replies":[{"embeddable":true,"href":"https:\/\/spineclinic.se\/index.php?rest_route=%2Fwp%2Fv2%2Fcomments&post=9"}],"version-history":[{"count":14,"href":"https:\/\/spineclinic.se\/index.php?rest_route=\/wp\/v2\/pages\/9\/revisions"}],"predecessor-version":[{"id":242,"href":"https:\/\/spineclinic.se\/index.php?rest_route=\/wp\/v2\/pages\/9\/revisions\/242"}],"wp:attachment":[{"href":"https:\/\/spineclinic.se\/index.php?rest_route=%2Fwp%2Fv2%2Fmedia&parent=9"}],"curies":[{"name":"wp","href":"https:\/\/api.w.org\/{rel}","templated":true}]}}